isor of 54 and n.
18
Suppose m - n - 2*n - 193 = 0, 0 = m - 2*n - 192. Let x be (12/30)/(2/m). Calculate the highest common divisor of x and 57.
19
Let x = 0 + 0. Let w(u) = -u**2 + 2*u + 20. Let j(k) = k**2 - k - 1. Let v(q) = 2*j(q) + w(q). Let o be v(x). What is the highest common divisor of 90 and o?
18
Suppose 0 = -4*z - 2*k + 3914, 3*z + 6*k = 9*k + 2913. Calculate the greatest common factor of z and 24.
8
Let z(h) = 56*h + 4. Suppose -8 + 0 = -2*o. Let t be z(o). Suppose -6*s - 66 + t = 0. Calculate the highest common divisor of s and 108.
27
Let k(h) = -h**3 - 7*h**2 + 9*h + 12. Suppose -5*t = -22 + 67. Let v be k(t). Suppose v = q + 2*q. What is the greatest common factor of q and 155?
31
Suppose -5*i - 997 = -2*v, 775 = 2*v + 2*i - 215. What is the highest common divisor of v and 16?
16
Suppose 3*k - 9 = -j, -5*j - k = -2*j - 59. Let p be 16/28 + 34/14. Calculate the greatest common divisor of p and j.
3
Suppose 971 = 5*a - 2979. What is the greatest common factor of a and 10?
10
Let p = 265 + -160. Let l = -35 + p. What is the highest common divisor of 35 and l?
35
Let f be -30*(1/3 - 1). Let x = -65 - -69. What is the greatest common divisor of f and x?
4
Let j = 29 + -15. Let q be j/4 + (-12)/8. What is the highest common divisor of 16 and q?
2
Let v = 284 - 196. What is the greatest common factor of 8 and v?
8
Let a(d) = 5*d - 12. Let v(w) = w - 1. Let g(p) = -5*a(p) + 30*v(p). Let i be g(6). What is the highest common divisor of 20 and i?
20
Suppose 4*n - 4 = 0, -2*g = 3*g - 3*n - 272. Calculate the highest common divisor of g and 44.
11
Let h = 496 - 160. Let n be (-1)/(-4) + (-7)/(-4). Suppose -2*q + 0*u = 2*u - h, -171 = -q - n*u. What is the highest common factor of 15 and q?
15
Suppose -17 = 2*x + 7. Let k = -9 - x. Let a(o) = -o + 7. Let h be a(6). What is the greatest common factor of h and k?
1
Suppose 0 = 2*n - 4 - 48. Calculate the greatest common divisor of 13 and n.
13
Suppose 4*i = -6 + 82. Let c = 260 + -92. Let d = 263 - c. What is the highest common factor of i and d?
19
Let s be 4*-2*(-5 + 1). Suppose -4*n + 5*b = 9, 12*n - 18 = 10*n - 2*b. What is the highest common divisor of n and s?
4
Let s = 518 - 248. Suppose -2*b = 2*n - 62, 0*b - 2*n = b - 32. What is the greatest common factor of s and b?
30
Suppose 1350 = -5*d - 3*k, 3*d - k + 4*k = -810. Suppose 0 = -5*s + 2*s + 75. Let w be d/s*(-15)/6. Calculate the greatest common factor of 9 and w.
9
Suppose 2*j + 202*q - 197*q - 1686 = 0, 0 = -2*q + 8. Calculate the greatest common factor of j and 98.
49
Let j(g) = -198*g**3 - 4*g - 4. Let n be j(-1). Calculate the highest common divisor of 1089 and n.
99
Let c be ((-21)/(-2))/1*2. Suppose -6*b + 3*b + 42 = z, 0 = 2*z + 5*b - 84. Calculate the greatest common factor of c and z.
21
Suppose -3*o = -2*d + 46, -2*o + 318 - 165 = 5*d. Let m(n) = -9*n + 4. Let p be m(-6). What is the highest common factor of p and d?
29
Let j(l) = l**3 + 9*l**2 + 4*l + 10. Let m be (3 + (-48)/9)*(-2 - -5). Let i be j(m). What is the highest common factor of i and 20?
20
Suppose 0 = -2*s + 192 + 30. What is the highest common factor of s and 4107?
111
Let f(d) = -3*d**3 - d**2 - 9*d - 27. Let m be f(-5). What is the greatest common divisor of 46 and m?
46
Suppose -104 = -y - 7*t, 0 = t + t - 4. Calculate the greatest common divisor of 35 and y.
5
Suppose -55 = 4*o - 239. Let b be 3 + -1 - (41 + -4)*-1. Suppose -23 = -40*m + b*m. Calculate the greatest common divisor of o and m.
23
Let v(j) = 2*j**3 + j**2 + 1. Let t be v(2). Suppose -6*g = -51 - t. What is the highest common divisor of g and 36?
12
Let q = 221 - 143. What is the greatest common factor of q and 26?
26
Suppose -4*x - 499 = -o, 2*o - 369 - 645 = 4*x. Calculate the greatest common factor of 5 and o.
5
Suppose -3*r + 6*r = -3*t + 1323, r - 4*t - 456 = 0. Calculate the greatest common factor of r and 12.
12
Suppose -72*b = -37*b - 420. Calculate the highest common divisor of 2916 and b.
12
Let c(j) = 2*j**3 + 18*j**2 - 11*j - 12. Let u be c(-8). What is the greatest common divisor of 12 and u?
12
Let p be ((-12)/18)/(6/(-99) - 0). Calculate the greatest common divisor of p and 583.
11
Suppose 2*y - 3 - 3 = 0, 2*m - 2*y = 54. Suppose 0 = -2*c - m + 2. Let b be ((-12)/(-8))/((-1)/c). What is the greatest common divisor of b and 3?
3
Let n = -99 - -114. What is the greatest common divisor of n and 40?
5
Let h(t) = 7*t**2 - 20*t + 36. Let v be h(2). Suppose -3*u - 4*w = -0*u - 24, -4*w = u - 8. Let o = u - 5. Calculate the greatest common factor of o and v.
3
Let x = 34 - 33. Suppose -g = -4*p + 13, 5*p = 5*g - 0*p - 10. What is the greatest common factor of g and x?
1
Let z(v) = -18*v - 1. Let u be z(2). Let b = 46 + u. Calculate the greatest common factor of 18 and b.
9
Let i = 107 + -64. Let a = 56 - i. Calculate the highest common factor of 52 and a.
13
Let h be 2/(-8)*-2*10. Suppose 2*z + 2*c = 138, 3*z - h*c = -0*c + 183. Calculate the highest common factor of 22 and z.
22
Let v = -4 - 1. Let s be 0/1 + (112 - (-20)/v). Calculate the highest common divisor of 4 and s.
4
Suppose 2*w + 5*q = 3*q + 20, 0 = 3*w - 2*q - 5. Suppose 315 = -w*h + 10*h. Calculate the greatest common factor of 7 and h.
7
Let w(g) = -g**2 - 16*g - 15. Let k be w(-15). Suppose 0*m = -2*h - 4*m + 54, k = 3*h - 4*m - 81. What is the greatest common divisor of 3 and h?
3
Suppose -837 = -24*p + 843. Calculate the greatest common factor of 10 and p.
10
Let x = 85 + -25. Let m = 19 - -11. Calculate the highest common divisor of x and m.
30
Let x be ((-20)/2 + 18)*23. Let b(w) = w**2 - w - 7. Let c be b(-5). Calculate the greatest common factor of c and x.
23
Suppose 3*h = 72 + 27. Let k = 457 + -446. Calculate the greatest common divisor of k and h.
11
Suppose 4*y + 0*y = -12. Let p be y/(1 + 87/(-78)). Calculate the greatest common factor of 39 and p.
13
Suppose -45 - 27 = -4*w. Suppose -3*h + 2*n + 592 = 4*n, 4*h = -4*n + 788. What is the greatest common divisor of w and h?
18
Let j(p) = -5*p - 4. Let y be j(-1). Let h be y/((-1)/(-5)) + 1. Calculate the highest common factor of h and 15.
3
Suppose d + 5 = 2*h, -2*d - 4*h - 9 = -31. Suppose 0 = d*q + 2*q - 325. What is the greatest common divisor of 26 and q?
13
Suppose 0 = -3*a + a. Let o(i) = -i**3 + 24*i**2 + 4. Let j be o(24). Suppose a = j*b - 37 - 103. What is the greatest common divisor of b and 7?
7
Let g be 7*14/(-49)*-25. What is the greatest common divisor of 100 and g?
50
Let y(q) = -q - 3. Let o be y(-1). Let z be (5/10)/((-1)/o). Suppose 0*c + 4*c - 4 = 0. Calculate the greatest common divisor of c and z.
1
Let j(q) = -10*q - 32. Let v be j(-4). What is the greatest common factor of v and 4?
4
Let w(p) = -4*p**2 + p + 93. Let f be w(0). Calculate the greatest common divisor of f and 62.
31
Let q(l) = -l**3 - 10*l**2 + l + 12. Let k be 5/(-4)*(4 + 4). Let t be q(k). Let v = 15 - t. What is the highest common factor of 52 and v?
13
Let m be 5/(220/(-8)) - 1015/(-77). What is the highest common divisor of m and 585?
13
Let o be 22/(-8) - (-8)/(-32). Let g be (2 - -6)/(o/(-12)). What is the highest common divisor of g and 48?
16
Let t be (70 - 0) + 0 + 2. Suppose -2*o - 4*h = -t, -2*h - 164 = -o - 3*o. What is the highest common factor of o and 360?
40
Let y = -7 - -15. Let a = -378 - -482. Calculate the greatest common factor of a and y.
8
Suppose 3*s + 7*c + 91 = 2*c, -5*c = 5*s + 155. Let z = -9 - s. Let h(w) = 20*w**2 - 2*w - 2. Let q be h(-3). Calculate the greatest common divisor of z and q.
23
Let c(l) = l**2 - 3*l - 14. Let h be c(6). Suppose -h*a = 19 - 7. Let d = a - -4. Calculate the greatest common factor of d and 2.
1
Suppose 49 = 4*y - 15. What is the highest common divisor of 368 and y?
16
Let s(y) = 38*y - 1959. Let f be s(52). Let t = 23 + -6. What is the greatest common divisor of t and f?
17
Suppose 0 = 4*d + 2*i - 3*i - 1979, 501 = d + i. What is the greatest common factor of d and 62?
62
Let t be 10/(-8)*-4 - 3. Suppose 4*d = t*d + 2. Calculate the greatest common factor of d and 8.
1
Suppose 2*a + a - 19 = -w, a - 53 = -2*w. Suppose -4*m = -w - 20. Let t be (1 - 9/(-15))*60. Calculate the greatest common factor of m and t.
12
Let i(c) = -c**2 + 12*c + 97. Let k be i(17). What is the highest common divisor of k and 33?
3